7 - (-7 - -16))).
-11
Calculate -12 + 6 - 2 - (-2 + 5 - 1).
-10
Evaluate -11 + 6 + (1 - 2) + 546 + -544.
-4
What is (7 - 3 - 19) + (17 - (-8 + 22))?
-12
Calculate -1 + (32 - 46) - 11.
-26
Calculate 10 - (3 + 2) - -6.
11
What is (-5 - 1) + (25 - 17) + -11?
-9
(19 + 6 - 10) + -9 - (15 + -1)
-8
What is the value of (-16 + 0 - -2) + (-14 - (-4 + -9))?
-15
What is (35 - 18) + -31 + 32?
18
What is the value of -1 - ((3 - -1) + -2) - (-34 + 11)?
20
-2 + 5 + (-33 - (-7 - 21)) + 0
-2
What is (-9 - 0) + -1 - (3 + -25)?
12
Calculate 9 + (-19 - -9) + -8 + -4 + 14.
1
Calculate 40 + -63 - (-3 - 4 - 2).
-14
What is the value of 33 + 4 - 22 - 1?
14
What is the value of -27 - (22 + -3 - 25)?
-21
(-18 - -25) + -31 - -33
9
Calculate 8 + (-4 - 4) + -1 + 3 + -2.
0
What is -31 - -35 - (-3 - ((6 - 15) + -1))?
-3
Evaluate -44 + (-14 - (-5 + -13)).
-40
What is the value of 63 + -80 + (-4 - -8)?
-13
What is the value of (11 - 30) + 12 + 10?
3
Calculate 5 + 12 + -1 + -15.
1
Evaluate (-22 - (-12 - -15)) + 45.
20
Calculate -7 - (-17 + -7 + 4) - 7.
6
Evaluate (3 - (-22 + 9)) + -7 - 5.
4
Evaluate (44 - (3 + -3)) + -3 - 14.
27
What is (13 - 8) + 8 + -4 + -5 + 0?
4
Calculate (-1 - 4) + 6 - (14 + -2 + -35).
24
-6 + 0 + (61 - 48)
7
-4 + 13 + -27 + 6
-12
What is -23 + (27 - 17 - -6)?
-7
What is (-1 - -4) + (-887 - -898)?
14
Evaluate -4 + (-37 - -2) - (-175 - -160).
-24
Calculate 22 - (11 + (10 - -23)).
-22
-14 + -2 - (-78 - -60)
2
What is 4 - (-6 + -14 + 17)?
7
-23 + 10 + 19 + (11 - 3)
14
What is (3 - -21 - 3) + -21?
0
Evaluate (10 - (13 - (10 - 0))) + -2.
5
(2 - 0) + -9 - (40 + 18 + -65)
0
What is -7 + (14 - 20) + 15?
2
Calculate -63 - (25 + -4 + -55).
-29
-5 + (33 - (-1 - -17) - -23)
35
13 - 20 - -16 - (1 - (-12 - -3))
-1
Evaluate -17 + (-27 + 7 - -23).
-14
Evaluate 1 + 6 - 27 - -10.
-10
What is -1 - ((24 - 22) + (0 + 2 - 0))?
-5
Evaluate 57 + -68 + (-4 - -5) + -11.
-21
Calculate 0 + -5 + 11 + -7 + -16.
-17
What is the value of (-8 - -18) + (3 - -1)?
14
What is (-76 - -59) + 16 + 3?
2
Calculate -5 + 0 + 6 - (2 - -3).
-4
What is the value of 0 - (9 + -2 + 6 - 2)?
-11
What is the value of 0 + 12 + (9 + 2 - 7 - 6)?
10
Evaluate -2 + 14 - (-39 - (-65 - -7)).
-7
0 + -15 + -5 + 31
11
What is (-1 - -6) + -2 + (-7 - -8 - 3)?
1
What is 13 + -1 + 0 - (12 + 19 + -30)?
11
(-20 - 5) + (20 - 8 - 5)
-18
What is the value of (14 - -21) + -6 + -10?
19
What is the value of 56 - 44 - -11 - 7?
16
Calculate -7 - ((1 + -12 - -2) + 6).
-4
What is -21 + 10 + (3 - 2 - -1) + 0?
-9
What is the value of 2 - (12 + -7 + 1 + (-1 - 5))?
2
Calculate -4 - (-1 - 6 - (6 + -8)) - 13.
-12
Evaluate 6 + (11 - (15 - 8)).
10
Calculate 2 + 1 - (18 - (-8 + 18 + -2)).
-7
5 + -12 + 19 + -11 - 10
-9
Calculate (-55 - -8 - -37) + (-2 - -19).
7
What is -20 + 5 + (2 - (0 - 4)) + -1?
-10
Evaluate (14 - -1 - 11) + -13 + 3.
-6
What is (-3 - -12 - -13) + -15 + 6?
13
Evaluate -5 - (-9 + 17 + (-31 - (-6 - -1))).
13
What is (8 - ((-8 - (-5 + 0)) + -5)) + -5?
11
What is the value of 27 - (20 + -2) - (-5 - (2 - 4))?
12
-7 - -11 - (18 - ((-5 - 8) + 11))
-16
Calculate (-19 - -25) + (0 - 2) + 8 + -5.
7
Evaluate (-5 + (-2 - -1) + 2 - 4) + -3.
-11
(22 - 24) + -1 + 4 + 1 + -6
-4
Evaluate -21 + (8 - 6) + (10 - (-3 - -8)).
-14
Evaluate (12 - (-12 + 19)) + (-4 - 4).
-3
What is (0 + -1 - 1) + -3174 + 3169?
-7
Evaluate 7 - (17 - (-9 - -15)).
-4
(32 - (20 - -14)) + 30
28
What is -112 + 116 + (6 - (-1 + -2)) + -2?
11
Calculate (17 - 25) + -4 + 3.
-9
Evaluate 8 + -9 + 8 + -5 + 0 - -11.
13
Evaluate -12 + -5 + 16 + -5 + -3.
-9
What is the value of 18 + (16 + -30 - 9)?
-5
-3 - ((49 - 53) + 12 + (3 - 3))
-11
What is 1 + 21 - (8 - (-4 + 4)) - 9?
5
What is the value of (5 - (-2 - (10 + -3))) + -11?
3
What is the value of 15 - ((-30 - -24) + 36)?
-15
Evaluate 22 + -4 + 8 - 18.
8
Calculate 24 - ((29 - 21) + 18).
-2
What is the value of (8 - 38) + (-77 - -99)?
-8
Evaluate 26 - (-5 + -6 - (1 + -1 - 3)).
34
-14 + (-11 - (-10 - (18 - 7)))
-4
Calculate (8 - 4 - (0 - 3)) + 0 + -9.
-2
Evaluate 1 - ((-13 - -7) + 15 + -45).
37
Evaluate (29 - 44) + (25 - 2) + 2 + -23.
-13
21 - 6 - (-31 + 35)
11
Evaluate -4 + 3 + (6 + -20 - -8).
-7
What is (10 - 10) + 3 + (10 - 14)?
-1
What is the value of 10 + -2 + 1 - (-46 - (-36 + 16))?
35
Calculate -9 + 1 + 11 + (-1 - 1) + -2.
-1
What is 0 - (-27 + 35 - -15)?
-23
Calculate (7 - -3 - (5 - 4)) + 8.
17
Calculate 1 - (11 - 20 - -6).
4
-2 + (-4 - -5) + -1 + 4 - 10
-8
2 - (-20 + -3 + (-9 - -21))
13
Evaluate 8 - (10 - (21 + -13)).
6
What is 8 + (-1 - (-18 - -9)) - 5?
11
Evaluate 24 + -6 + -27 - -18.
9
Evaluate -19 + (-20 - -24) + 21.
6
What is 27 + -17 + -23 - 1 - -24?
10
Calculate 9 + 0 + -14 + (8 - 1).
2
What is (-13 - -1 - -10) + -9 + 1?
-10
Evaluate (5 - 9) + 3 + -5 + 9 + -2.
1
Evaluate -1966 - -1965 - (0 - 0).
-1
What is the value of (7 + -1 - -31) + -46 + 28?
19
-1 + -2 - -9 - (8 - 6)
4
(1 - (-3 - -1)) + -28 + (722 - 724)
-27
What is the value of 1 - -5 - (246 - 261) - 4?
17
What is 31 - (0 - -19 - 12)?
24
What is the value of 3 - -4 - ((1 - 8) + (65 - 62))?
11
Evaluate -11 - (0 + -20 + -82 + 78).
13
What is 2 - (-27 - -18 - (-1 + 0))?
10
(17 - -1) + (-10 - (6 + -11 + 3))
10
What is 22 + -13 + -1 + -11?
-3
Calculate 5 - (-1 + 7 + -9 - 0).
8
Calculate 3 + 2 - (1 - ((-2 - -4) + -7)).
-1
Calculate -3 + 11 + (11 - 12) + -1.
6
Evaluate (-14 - -32) + -15 + -9.
-6
Calculate -1 - (-5 + 6 - (-3 + 10 + 4)).
9
Calculate -1 - (3 - 1) - (35 + -12 + -26).
0
What is the value of (-8 - ((-6 - -11) + -6)) + 1 + 6?
0
Calculate (-3 - 9) + -13 + 21.
-4
Evaluate 24 + (8 + -67 - -21).
-14
-49 + 37 + 4 + -3 + -19
-30
What is 0 - 0 - (-2 + -8 + 0)?
10
(35 + -61 - -72) + -32
14
Calculate -36 + (8 - (19 + -15 - 6)).
-26
-23 - -19 - (0 + 0) - (-2 - 13)
11
Calculate 1 - (-25 - -15 - -12).
-1
What is the value of (-5 - -5 - 1) + 5 + -7 + -13?
-16
What is the value of (-6 + 12 - -1) + -3?
4
Evaluate -27 + 5 + -9 - -16.
-15
10 - (8 - 8 - -3)
7
-13 - ((-41 - -52) + 10)
-34
What is the value of (12 - 6) + -2 + -13 + (-3 - -7)?
-5
What is -23 + (-35 + 14 - -48)?
4
What is -6 + 31 + (12 - 28)?
9
45 + -62 + (-2 - 1 - -7)
-13
What is -20 + 7 + 4 + -3 + (0 - 3)?
-15
What is -13 + (-1 - -6) - (-20 - -15)?
-3
Calculate 4 + 1 + (1 - (-4 + 12)) + -2.
-4
What is 19 + -23 + -6 + -4?
-14
What is 6 + (3 - 1) + -28 + 11 + -1?
-10
(-2 - 17 - -39) + -33
-13
-14 + (7 - 5) + 25 + -34
-21
What is the value of (-3 - (2 - (12 - 7))) + -1?
-1
Evaluate -30 - (25 + 10 + -25) - -4.
-36
Calculate 1 + (-16 - -23) + -23.
-15
-31 + -9 + 81 + -26
15
Evaluate 9 + 0 + -10 + -8 + 3.
-6
Evaluate 19 - (2 - 0 - (-1 - (16 - 13))).
13
What is -4 + -2 + 5 + -12 - (-9 + 9)?
-13
Calculate (28 - 19) + -4 + -13.
-8
Calculate -6 + 21 - -3 - (-2 + 3 - -4).
13
What is the value of (-5 - -6) + -6 + 2 + (7 - 4)?
0
Evaluate 22 - (7 - -1) - 7.
7
What is the value of 7 - 2 - (11 + -10 + 1)?
3
Evaluate -12 + 4 + -27 + 38.
3
(-21 - -18) + -6 - (-3 - -4 - 4)
-6
Evaluate -18 - -8 - 0 - -8 - 5.
-7
What is -29 + 5 - (-34 + -2)?
12
What is the value of 14 + (1 - 4) + (7 - 13) - -4?
9
What is (-16 - -5 - (9 - 21)) + 21 + -1?
21
What is the value of (3 + 3 - -2) + -1 - (-115 - -96)?
26
Calculate -12 - ((0 - 10 - (33 - 37)) + 0).
-6
What is -19 + 26 + 0 + -5 - 3 - -4?
3
Calculate -31 + (-11 + 29 - 4).
-17
Evaluate 8 + 23 + -12 + (-2 - -2).
19
What is the value of -22 - (-18 + -17 + 12)?
1
What is the value of 4 + 21 - 20 - 1?
4
What is the value of -7 + 1 + -1 + 367 + -365?
-5
0 - (1 + 0 - (135 - 123))
11
What is -17 - (-12 - (7 - 7))?
-5
(2 - -4) + -10 + 8 + -9
-5
Calculate 4 - 6 - (-11 + (-2 - -16) + 4).
-9
What is the value of -26 - (-110 - -29 - -28)?
27
Calculate 14 + (5 - 1) + -3 + -1.
14
-18 + (20 - 1) + -3
-2
-4 + (13 + -7 - 14 - -7 - 0)
-5
What is -12 + 45 + -69 + 42?
6
What is the value of -4 + (26 - (-6 + 5)) - 12?
11
Evaluate (5 - 4) + 9 + -9 + 0 + 12.
13
(-10 + (-10 - -2) - (-6 - 2)) + 8
-2
What is 0 + (-3 - -4) - -11?
12
Evaluate -21 + (-1 - (-12 + 1 + 8)).
-19
What is the value of -7 + 27 - 27 - 13?
-20
Calculate 0 - -14 - ((-5 - -2) + (35 - 24)).
6
What is (30 - -8 - 12) + (2 - 12) + 2?
18
Calculate -24 - (-13 + (20 - 23)).
-8
What is 1 - (-19 - -10 - -3)?
7
What is the value of -7 - (3 + (4 - -4 - -2))?
-20
What is -128 - -133 - (2 - ((-2 - -4) + 7))?
12
Calculate -9 - (-4 - (6 - 27 - -10)).
-16
What is